*s**3 + s**2 - s - 1. Let o be n(-2). Let f = o + b. What is the tens digit of f?
9
Let j be 6/(3/((-6)/4)). Let u be j/((-9)/(-2))*(-45)/6. Suppose 2*a + 5*r = 7*a - 170, -3*r = u*a - 194. What is the units digit of a?
7
Let l = 9662 + -4009. Suppose 27*c = l - 1711. What is the units digit of c?
6
Suppose 0 = -6*u + u - 3*q - 145, 49 = -2*u - 3*q. Let g = -68 - u. Let c = g - -60. What is the units digit of c?
4
Let w = -8399 + 19177. What is the tens digit of w?
7
Let s be 5/2*(-40)/50. Let j be (-16)/4 - (s - 26). Suppose j = -14*o + 16*o. What is the units digit of o?
2
Let w be (-8 - 3)*(-40)/(-10). What is the tens digit of w/(-52) + -1 + 613/13?
4
Let p = 9 - 3. Let c(g) = 7*g**2 + 21*g + 37. Let f(q) = -13*q**2 - 43*q - 74. Let h(u) = p*f(u) + 11*c(u). What is the hundreds digit of h(-16)?
1
Let s(h) = 71*h**2 + 5*h - 6. Let u be s(3). Suppose 111*n - 115*n + u = 0. Suppose -3*q = -855 + n. What is the tens digit of q?
3
Let d(i) = i**2 - i + 5. Let j = 50 - 49. Let g(h) = -5*h - 3. Let l be g(j). What is the units digit of d(l)?
7
Let q(l) = 10*l**2 + 2*l**2 - 21*l + 2 + 0 + l**3 - 18. What is the hundreds digit of q(-12)?
2
Suppose 3*w + 4*p - 8*p - 592 = 0, -4*w + 836 = 4*p. Suppose 2*y - w = -4*y. What is the tens digit of y?
3
Let w(t) = 20*t + 9. Let p(o) = -o - 10. Let y be p(-6). Let g be 1/1 - y - -2. What is the tens digit of w(g)?
4
Let s(h) = -h**2 - 4*h + 8. Let t be s(-5). Let y(r) = 15*r**2 - 2*r - 4. Let z be y(t). Suppose 3*f - z = -29. What is the units digit of f?
2
Suppose -6882 = -74*q + 15319 + 147407. What is the tens digit of q?
9
Suppose 0 = 9*d - 31372 - 93908. What is the tens digit of d?
2
Let p(y) = 35*y**2 - 80*y - 13. Let f(q) = 19*q**2 - 41*q - 8. Let s(r) = 11*f(r) - 6*p(r). Let o = 51 - 28. What is the units digit of s(o)?
8
Suppose -301*j + 8308650 = -108*j. What is the hundreds digit of j?
0
Let d be (3 + -2 + 0)/((-13)/91). What is the thousands digit of (3 - (-23)/d) + (-189819)/(-147)?
1
Suppose 0 = -z + 5*q + 25746, -8*z + 9*z + 4*q - 25746 = 0. What is the ten thousands digit of z?
2
Let p(w) be the first derivative of -w**2 - 2*w - 17. Let t be p(2). What is the units digit of (-9)/t*(-8)/(-4)?
3
Suppose -5*n + 122 = -7*n. Let h = 72 + n. What is the tens digit of (-10)/(-55) + 746/h?
6
Suppose 4*r + 5*j + 20 = 0, r - 5*j = -0*j + 20. Let q(c) = c**2 + c - 58. Let m be q(r). Let u = m - -134. What is the tens digit of u?
7
Let v = -38 - -45. Let a(b) = 6*b + b + 68 - v*b + b**2 - b. What is the units digit of a(0)?
8
Let y = -9006 - -15146. What is the hundreds digit of y?
1
Let i(u) = u**2 + 28*u - 86. Let w be i(-32). What is the hundreds digit of w/45*474 - 4/10?
4
Let u be 0 + (-4)/(-12)*(1 - 1). Let g be (0 - (u - 0))*1. Suppose -146 = -x - x - 2*b, g = 2*x + 5*b - 158. What is the units digit of x?
9
Suppose -3*b = -3*i + 17727, b = 16*i - 18*i + 11830. What is the thousands digit of i?
5
Suppose 17*d - 129*d = -678160. What is the thousands digit of d?
6
Suppose -3238 = 8*y - 13494. Suppose 3*j = -5*i + 3856, 4*i = j + 5*i - y. What is the tens digit of j?
7
Let k(i) = 2*i**3 + 49*i**2 - 30*i + 31. Let v be (18/15)/((-1)/10). Let x be (-4)/v - 304/12. What is the tens digit of k(x)?
5
Let d(c) = -120*c - 115. Suppose 89*j = 92*j + 15. What is the tens digit of d(j)?
8
Suppose t - 19 = -u, 4*u - 5*u + 16 = 4*t. Suppose -22*g = -u*g - 562. What is the units digit of g?
1
Let c(a) = -8*a + 260. Let p be c(42). Let o = p - -258. What is the hundreds digit of o?
1
Let l(d) = -d**3 - 6*d**2 + 13*d - 19. Let n be l(-8). Suppose n*a - 661 = 539. What is the hundreds digit of a?
2
Let t(h) = 2*h**3 + 37*h**2 + 10*h - 19. What is the units digit of t(-12)?
3
Let d(t) = t**3 + 13*t**2 - 5*t - 1. Let j be d(-13). Let m = 43 - j. Let b(y) = y**2 + 20*y - 5. What is the tens digit of b(m)?
1
Suppose -5*j + 10 = o + o, 0 = -3*o + j + 15. Suppose o*b + 3*r - 3 - 5 = 0, 0 = 4*b + 3*r - 4. Suppose 0 = -b*s - 32 + 344. What is the tens digit of s?
7
Suppose -2*q - 5*v = -373 + 63, 3*v + 775 = 5*q. Let g be 45*(11 + (-8 - -3)). Let h = g - q. What is the units digit of h?
5
Let l(n) = 6722*n**2 + 48*n + 50. What is the hundreds digit of l(-1)?
7
Let z = 2794 + 4375. What is the thousands digit of z?
7
Let o(d) = 3*d**3 - d**2 + 2*d + 2. Suppose 2*i = -3*l - 3 - 4, i = 3*l + 19. Suppose i = 3*y - 2. What is the units digit of o(y)?
6
Let b be 5/(6*25/120). Suppose 2*c + 2 + b = 0, 2*c + 1803 = 3*f. What is the hundreds digit of f?
5
Suppose -2*l = 3*m - 1328, 0 = -4*m + m. Suppose -1316 - l = -2*y. What is the units digit of y?
0
Suppose -9*u + 13*u = 32. Let n(i) = 71*i + 39. What is the tens digit of n(u)?
0
Suppose -3*v = -2*v - 29. Suppose -5*m + v = 34. Let c = m + 68. What is the units digit of c?
7
Let b be (15/5)/(-3) - (1 - 13). Let z(a) = a**2 + 14*a + 9. What is the tens digit of z(b)?
8
Let h(q) be the second derivative of -97/6*q**3 + 7/2*q**2 + 0 + 40*q. What is the hundreds digit of h(-1)?
1
What is the units digit of (-132924)/(-17) - (-516)/(-8772)?
9
Let b(p) = -42*p - 41. Let y be b(-11). Let k = 702 - y. What is the units digit of k?
1
Let x(r) = -2*r**3 + 12*r**2 - 2*r + 13. Let l be x(6). What is the hundreds digit of 1*3124/(3 + l)?
7
Let t be 9/6*(-16)/6. Let k be 0 + (-737)/t - (-24)/32. Let q = 321 - k. What is the hundreds digit of q?
1
Suppose 0 = 3*q - 14567 + 2513. Suppose 21*w = q + 3941. What is the hundreds digit of w?
3
Let r be 2/(-6) - ((-1950)/18 - 9). Let v be 736/(-10) + 8/(-20). Let i = r + v. What is the tens digit of i?
4
Suppose 6*a - 2*s - 4532 = 5*a, 5*a = -2*s + 22744. What is the tens digit of a?
4
Let k(s) = -s**3 - 8*s**2 - 6*s + 6. Let f be k(-7). Suppose 338 = 349*d - 336*d. What is the units digit of d/(f - 1)*-4*1?
2
Suppose 4*c = 3*y + 29739, 5*y - 29039 - 15636 = -6*c. What is the hundreds digit of c?
4
Let c(k) = 15*k**2 + 38*k + 98. What is the hundreds digit of c(-5)?
2
Let h(t) = 2*t + 5. Let a be h(0). Let w(q) = -33*q + 0*q**2 - 43*q + 3*q**2 - 7 + 82*q. What is the units digit of w(a)?
8
Suppose s + 3050 = 4*s - 2*w, 0 = 5*s + 2*w - 5094. Suppose 5*g = 82 + s. What is the tens digit of g?
2
Let c be (23/((-414)/12))/(4/(-18)). What is the thousands digit of 9493/6 - ((-95)/(-30) - c)?
1
Suppose 7*r - 48 = 50. Suppose 0*t + r = 3*t + 5*p, 0 = -3*t + 3*p - 18. What is the units digit of (17*-4 - t)/(10/(-15))?
9
Suppose 6*b - 615 = -15. Suppose s + w - b = 947, 5*w + 15 = 0. What is the thousands digit of s?
1
Suppose -3 - 39 = -2*t. Let l = -20 + 20. Suppose l = -2*g + 123 - t. What is the tens digit of g?
5
Let n(p) be the second derivative of 5*p**4/12 + 4*p**3/3 + 7*p**2/2 - 3*p - 13. Let v(i) = -i - 7. Let l be v(-3). What is the units digit of n(l)?
5
Suppose 62*a = 159*a - 61040 - 356933. What is the hundreds digit of a?
3
Suppose -37*b = -459310 + 153838. What is the units digit of b?
6
Suppose 0*r + 27*r = 211302. Suppose 0 = 10*m - r - 6594. What is the tens digit of m?
4
Let i = 504 + -210. Let h = i + -9. What is the tens digit of h?
8
Let t be (0 - -6) + (54 - 59). Let b(j) = 442*j**2 - 9*j + 4. What is the tens digit of b(t)?
3
What is the tens digit of (-14 + (16 - 14))*2434/(-4)?
0
Suppose -i + 7*p = 12*p - 28, 2*i = 5*p + 11. What is the tens digit of (-1 - 62)*(i - 18)?
1
Let f(y) = -164*y**2 + 53*y**2 + 52*y**2 - 3*y + 58*y**2 + 192. What is the hundreds digit of f(0)?
1
Let t(a) = -13*a + 44 - 93 + a**2 + 39. Let b be t(14). Suppose -74 = -b*u + 22. What is the tens digit of u?
2
Suppose 5*o + 3937 = q, -4389 = -2*q - 4*o + 3457. What is the tens digit of q?
2
What is the tens digit of (-9299*(-4)/(-6))/((-1606)/2409)?
9
Let i be -2 + 63/(-2) - (-90)/60. What is the units digit of (776/i)/((-1)/8)?
4
Suppose 0 = 4*q - 2*o + o - 132, -4*q - o + 132 = 0. Let t be ((-286)/q)/((-2)/(-6)*1). Let f = t + 134. What is the tens digit of f?
0
Let n = -716 + 32447. What is the units digit of n?
1
Let x = 440 + -446. Let k(g) = g**3 + 10*g**2 - 17*g - 18. What is the hundreds digit of k(x)?
2
Suppose 33*r = 12*r + 39312. Suppose -56*z + 60*z = r. What is the hundreds digit of z?
4
Let q be (1/(-2)*-6)/((-6)/(-976)). Suppose q = 6*w - 4*w. What is the hundreds digit of w?
2
Let n = -799 + 1250. Suppose -5*b - n = -1531. What is the ten